se -x*v + 1 = -o - 8, 0 = v + o - 12. What is the units digit of v?
7
Suppose -g = -3*g + 4. Suppose l - a = 5, -3*l - g*l + 3*a = -23. What is the units digit of l?
4
Let p be 0 + 12*(-80)/(-12). Let o = p + -31. What is the tens digit of o?
4
What is the tens digit of 2*6/(-48) - 77/(-4)?
1
Let q be ((-3)/(-2))/(1/(-16)). Let c = 37 + q. What is the tens digit of c?
1
Suppose k - 3 - 46 = 0. What is the units digit of k?
9
Suppose 6*w - 3*w = 0. Let b(h) = -3 + 11 + h**2 - 2*h + w - 5*h. What is the units digit of b(8)?
6
Suppose 4*l = l + 12. Suppose 0 = 2*j - i, -2*j = 3*i - 1 + 17. What is the units digit of l*(9/4 + j)?
1
Let c(p) = p**3 + 7*p**2 + p + 5. Suppose -f - 3*s + 8*s = 17, -3*f - s = 19. Let v be c(f). Let d(w) = w**2 - 1. What is the units digit of d(v)?
3
Let i be ((-2)/3)/((-3)/(-81)). Suppose k = -4*s - 14, -4*k - 39 = 5*s + 50. Let r = i - k. What is the units digit of r?
8
Suppose 0 = -9*k + 7*k + 90. What is the units digit of k?
5
Let y(w) = -w**3 - 3*w**2 + w - 3. What is the units digit of y(-4)?
9
Let t = 170 + 102. What is the tens digit of t?
7
Suppose 8 = 4*o, 2*r + o = -3*r + 412. What is the tens digit of r?
8
Suppose -2*r - 3*a - 11 + 38 = 0, -4*r + 4*a = -24. What is the units digit of r?
9
Let d = 10 - -33. What is the tens digit of d?
4
Let k(z) = 5*z**3 + 11*z**2 + 4*z - 3. Let v(w) = 14*w**3 + 32*w**2 + 13*w - 10. Let o(p) = -17*k(p) + 6*v(p). What is the tens digit of o(6)?
1
Let q = -5 + 11. Let h(j) = -j + 12. Let u be h(-6). Let o = u - q. What is the tens digit of o?
1
Suppose -6 = 3*l, 7*l - 2*l = -2*x - 30. What is the units digit of (46/x)/((-2)/10)?
3
Suppose -p = 5*t - 2, 3*t + p - 2 = -0*p. Suppose t = -0*u - 2*u. Suppose u = 3*r - 0*r - 48. What is the tens digit of r?
1
Let p = 12 - 3. Let k(z) = -z**2 + 12*z - 2. What is the units digit of k(p)?
5
Let n(k) = k. Let w be n(4). Suppose 7 - 55 = -w*r. What is the units digit of r?
2
Let o = -3 - -8. What is the units digit of 5*9/o*1?
9
Suppose -2*t + 186 = 3*j - 7*j, 0 = -5*t - 5*j + 420. What is the tens digit of t?
8
Let m(t) = t - 3. Let n be m(6). What is the units digit of 3/n*3*4?
2
Let q be (-3 + 2)/3*-15. Suppose y - q*u = 50, 2*y - 34 - 48 = 4*u. What is the units digit of y?
5
Let v(n) = 6*n**2 - 6*n + 1. What is the units digit of v(4)?
3
Suppose 2*m - m = -2. Let r(k) = 0*k - 3 - 2*k + 0. What is the units digit of r(m)?
1
Let f(m) = m + 0*m + m**2 + 1 - 8. Suppose 19 = -3*z + w, 0 = -3*w + 5*w - 8. What is the units digit of f(z)?
3
Let l = 38 + -7. Let a = -15 + l. Let c = a - 9. What is the units digit of c?
7
Let k = 1 - 5. Let q = k + 9. Suppose -b + z + 3*z = -2, 0 = -b + q*z. What is the units digit of b?
0
Let q = -4 + 3. Let h be 4/6*12/8. What is the units digit of (-1 + q - -9)*h?
7
Suppose -2 = -r + 2. What is the units digit of 12 + (-4)/r + -2?
9
Suppose -2*f + 5*r + 97 = 0, -2*r + 109 = 4*f - 25. What is the units digit of f?
6
Let b = -11 + 10. What is the units digit of (-4 - b)*-1 + 25?
8
Let m be 8/(-10)*(-5)/1. Suppose 0 = -r - m + 8. Suppose 0 = -r*i - 2*g + 8, -3*i - 2*i - 5*g + 5 = 0. What is the units digit of i?
3
Let u(t) = 2*t**2 - 4*t - 10. What is the tens digit of u(7)?
6
Suppose -2*w - 5*g = -55, 171 - 31 = 4*w + 4*g. What is the tens digit of w?
4
Suppose 5*w = o + 3*o + 6, 0 = -3*w + o + 5. Suppose 6*c = 3*c + 27. Suppose -h + c = w*h. What is the units digit of h?
3
Suppose 93 = 4*h - 4*g - 159, -2*h + 3*g + 131 = 0. What is the tens digit of h?
5
Let u(r) = 4*r + 12. What is the tens digit of u(8)?
4
Let k = 75 + -37. What is the units digit of k?
8
Let i(x) = x - 6. Let h be i(8). Suppose h*b + 164 = 4*p, -3*p - 2*b + 6 = -124. What is the tens digit of p?
4
Let k(x) = x**2 - 5*x + 6. Let s be k(3). What is the units digit of s/1 + (-112)/(-8)?
4
Let p(c) = c + 3. Let b be p(0). Suppose -16 = a - 3*r, b*r - 24 = 3*a - 0*a. Let v(d) = d + 5. What is the units digit of v(a)?
1
Suppose -5*i + 16 = -i + 2*z, 3*i - 26 = -5*z. Suppose -3*b + i*b = -4. What is the units digit of b?
4
Let s be (-10)/(-2) - (0 - 0). Suppose q = s*q - 40. Let k = -2 + q. What is the units digit of k?
8
Suppose 4*a = -0*a + 12. Let q = 6 - a. What is the units digit of q?
3
Let l(a) = a**3 + a**2 + a + 17. Let k be l(0). Let m = k - 4. What is the tens digit of m?
1
Let r = -2 + 4. Suppose -2*n - n + 3 = -3*c, -5*n - r*c = 23. Let m = n + 6. What is the units digit of m?
3
Suppose k + 5 = -5. What is the units digit of (26/k - -2)*-10?
6
Suppose -9 = -d - 5*t, -27 = -5*d + 2*d + t. What is the units digit of d?
9
Let o(w) = 2*w - 10. Let v = -11 - -19. What is the units digit of o(v)?
6
Let r(q) be the first derivative of -q**4/4 - 7*q**3/3 - 7*q**2/2 - 3*q + 1. What is the tens digit of r(-7)?
4
Let t = 166 + -88. What is the units digit of t?
8
Let n = 6 + -6. Let w = 7 + n. What is the units digit of w?
7
Suppose 2*m + 34 - 146 = 0. What is the tens digit of m?
5
Let o(f) = 3*f - 4 + 4 - 1 + f**2 + 2. Let a be o(-3). Suppose 0 = 3*m + 4*i - 37 - a, 3*m - i = 28. What is the units digit of m?
0
Let k = 9 - 1. Suppose 3*d = k*d - 150. What is the units digit of d?
0
Let x be 1 - -2 - (2 - -25). Let m = -4 - 6. Let p = m - x. What is the tens digit of p?
1
Suppose w = -0*w + 44. What is the tens digit of w?
4
Suppose -2 = -2*h - 12. Let o = 8 + h. What is the units digit of (-21)/(-3)*(o + -2)?
7
Let v be 2 - (-8)/(-1 - 0). Let x = 3 + -4. Let r = x - v. What is the units digit of r?
5
Let k(d) = d**3 + 8*d**2 + 7*d - 2. Let j be k(-5). Suppose -2*v + 30 = 5*x + 3*v, v = 3*x - j. What is the tens digit of x?
1
Let i = 460 + -310. What is the units digit of i?
0
Let n = 5 + -10. Let q(h) be the third derivative of -h**5/60 - 7*h**4/24 - 2*h**3/3 + h**2. What is the units digit of q(n)?
6
Suppose 0 = -0*o + 4*o - 32. What is the units digit of o?
8
Let o = 82 - 21. What is the units digit of o?
1
Suppose 6 + 9 = 5*a. What is the units digit of a/(-6) + 6/4?
1
Suppose w - 5*w + 619 = 3*a, -2 = w. What is the units digit of a?
9
Suppose 25 = t + 7. Suppose 1 + t = z - 2*k, 0 = 3*z - 2*k - 37. What is the units digit of z?
9
Let c(l) = -l**3 + 11*l**2 - 10*l - 1. Let z be c(10). Let i = z + 14. What is the tens digit of i?
1
Let b(x) = x**2 - 5*x. Let s be b(6). Suppose -v = -2*v - s. Let k = -4 - v. What is the units digit of k?
2
Let w be (1/3*0)/(-1). Let c(g) = -g**3 + 1. Let b be c(w). Suppose 4*v - 3 = b. What is the units digit of v?
1
Suppose -5*o = c - 605, 0*c - 2*c = -4*o + 484. What is the units digit of o?
1
Let v(j) = j**2 - 10*j + 13. What is the units digit of v(9)?
4
Let m = -77 - -167. What is the tens digit of m?
9
Suppose 0 = -3*n + 5*n - 5*r + 17, -3*r = -3. Let w = n + 12. Suppose 19 = 2*u - s, w*u - u = -2*s + 34. What is the units digit of u?
8
Let l = -2 + -12. What is the tens digit of (-300)/(-28) - 4/l?
1
Let d(g) = g + 10. Let l be d(-7). Let q be l/(-2)*(-16)/(-12). Let a(w) = -w**2 - 4*w + 1. What is the units digit of a(q)?
5
Suppose -2*v + 2 = -2. Let r(w) = 9*w - 1. Let n be r(v). Suppose y = -4 + n. What is the tens digit of y?
1
Let f = -3 + 5. Let c be 1/(f/(8 - 2)). Suppose 4*i = 2*m + 10, -i + c*m = 4*i - 12. What is the units digit of i?
3
Suppose -86 + 29 = -v. What is the units digit of v?
7
Suppose -3*d = -10*d + 2037. What is the units digit of d?
1
Let r be (-2 - -3) + -1*1. Suppose -j + 13 = -r. What is the units digit of j?
3
Suppose 20*t - 25*t = 0. Suppose -4*c + 24 + 60 = t. What is the tens digit of c?
2
What is the units digit of (-3)/(-4)*(-8 - -20)?
9
Let y(o) = -2*o + o**3 - 6 + 7*o**2 + 5*o + 0*o - 1. What is the tens digit of y(-6)?
1
What is the units digit of (3 - -29) + -1 + -2?
9
Suppose -4*w - 31 = -4*z + 45, -37 = -2*z + w. What is the units digit of z?
8
Suppose 2*b - 619 = x, -b + 5*x + 0*x = -305. What is the hundreds digit of b?
3
Suppose 2*t + 8 = -24. Let h = -5 - t. What is the units digit of h?
1
Let q be (-3)/(-1) + 3 + -1. Suppose -5*l - 50 = -q*f - 0*l, -5*f - l = -80. What is the tens digit of f?
1
Let a(t) = 2*t**2 - 5*t - 2. Suppose 0 = 4*o + 12, 0*o - 3 = -3*i - 3*o. What is the tens digit of a(i)?
1
Suppose a = 5 + 3. Let d be 2/4*0 - 0. Let f = a - d. What is the units digit of f?
8
Let g(x) = -x**3 + 4*x**2 - 2*x + 2. Let k be g(3). Suppose -23